y y.
17
Let i(c) be the first derivative of -2*c**3/3 - 11*c**2/2 + 3*c - 2. What is the remainder when i(-5) is divided by 2?
0
Suppose -62 = 3*p + 385. What is the remainder when p/(-4) + (-15)/(-20) is divided by 8?
6
Let l(v) = -v**2 + 10*v + 8. Suppose -38*b + 20 = -34*b. Let k = -44 + 109. Calculate the remainder when k is divided by l(b).
32
Suppose -4*u = -0*o - 4*o + 28, -4*o - 5*u + 1 = 0. Suppose -o*m + 69 = -m. What is the remainder when m is divided by 13?
10
Suppose 10*j + 9*j - 1824 = 0. Calculate the remainder when j is divided by 35.
26
What is the remainder when 215 is divided by 112*(32/(-8))/(-8)?
47
Suppose 3*g - 6 + 33 = 0. Let y(a) = -4*a - 30. What is the remainder when 20 is divided by y(g)?
2
Suppose -2*x + 61 = -5*v, -4*v + 15 = -v. What is the remainder when x is divided by 31?
12
Let b(l) = 2*l**3 + 7*l**2 + 4*l + 20. Calculate the remainder when b(-3) is divided by 12.
5
Let z(b) = 155*b - 37. Calculate the remainder when z(1) is divided by (-8 + 7)/(2/(-82)).
36
Let t(k) = 0 + 7 - 4 + 2 + 4*k. What is the remainder when t(9) is divided by 11?
8
Let n(h) = -3*h - 6. Let x be 3 - (-2 - (-4 + -8)). What is the remainder when n(x) is divided by 8?
7
What is the remainder when (-26270)/(-210) + (-4)/42 is divided by 36?
17
Suppose c - u = -c + 73, -190 = -5*c + 5*u. Suppose -z + 132 = 3*z. Let h = z - 24. What is the remainder when c is divided by h?
8
Let u(g) = -2*g**2 - 15*g - 51. Let v(x) = -x**2 - 8*x - 25. Let i(z) = -6*u(z) + 13*v(z). What is the remainder when i(-8) is divided by 11?
7
Let t = 65 - 41. Suppose -t*w - 185 = -29*w. What is the remainder when w is divided by 10?
7
Let w = 0 + 0. Suppose w = -4*m + 7*m - 45. What is the remainder when (2/(-2))/(m/(-645)) is divided by 15?
13
Let b(u) = u**3 - 7*u**2 + 4*u + 6. Let f be b(6). Let k = f + 19. What is the remainder when 2/((-24)/(-428)) + 8/(-12) is divided by k?
9
Let x = 132 - 54. Suppose -105 = -5*z + 2*z. What is the remainder when z is divided by 3 + 0 - x/(-13)?
8
Let u(j) = -2*j**2 - j + 129. Calculate the remainder when u(0) is divided by 33.
30
Suppose -2*l = n - 202, -954 = -5*n - 9*l + 13*l. What is the remainder when n is divided by 14?
12
Let p(r) = -r**3 + 9*r**2 + r - 5. Let h be p(9). Suppose c + 3*f = -h, -5*f - 5 = -4*c - 10*f. What is the remainder when 7 is divided by c?
2
Suppose 0 = 3*m - 100 + 31. What is the remainder when m is divided by 604/44 + (-228)/(-836)?
9
Let d(n) = -n**2 - 55*n + 1199. Calculate the remainder when d(-71) is divided by 52.
11
Suppose 4*c + 4*t - 660 = 0, -91*c + 89*c + t = -327. What is the remainder when c is divided by 21?
17
Calculate the remainder when (-14742)/(-144) + (-2)/((-16)/(-3)) is divided by 49.
4
Let c be -6 - 1*(-6)/3. Let l(v) = -v**2 - 6*v - 6. Let i be l(c). Suppose 28 = 2*w + i*w. What is the remainder when 11 is divided by w?
4
Let g = 4 + 5. Let b(k) = 2*k**2 + 9*k - 14. Let z be b(-8). Let y = 58 - z. Calculate the remainder when y is divided by g.
7
Let r = 338 + -201. What is the remainder when r is divided by 23?
22
Suppose -2*m - y + 11 = 0, -2*y + 0*y - 13 = -3*m. Calculate the remainder when 51 is divided by m.
1
Suppose -7*v = 9*v - 528. Calculate the remainder when 60 is divided by v.
27
Suppose 11*p - 796 = 579. What is the remainder when p is divided by 15?
5
Suppose -2*y + 3 + 107 = -2*r, 0 = 3*r - 12. Calculate the remainder when y is divided by 18.
5
Let h = -2 - -6. Suppose 5*c + p = 65 - 25, 0 = -c - 3*p + 22. What is the remainder when c is divided by h?
3
Let g = 21 - 15. Let d be -1 + 41 - (2 - 4). Suppose -3*t + 5*x + d = -t, -2*x = -t + 19. Calculate the remainder when t is divided by g.
5
Suppose -l - 4*l + 180 = -5*a, -2*l + 57 = 3*a. Suppose -4*r + p - 230 + 614 = 0, -r - 4*p = -96. What is the remainder when r is divided by l?
30
Let w(v) = v**2 + 10*v + 59. Calculate the remainder when 69 is divided by w(-4).
34
Let p = -27 + 27. Suppose 2*l - 2*r + r - 47 = p, 0 = 3*l - 5*r - 88. Suppose 5*f = 122 + 78. What is the remainder when f is divided by l?
19
Suppose 5*z = -p + 28, 0*z - 2*p = 5*z - 31. What is the remainder when 125 is divided by ((-3)/(-6))/(z/160)?
13
Let j(a) = -a**3 - 7*a**2 - 8*a - 6. Let z = -117 - -124. Suppose l - 10 = z. Calculate the remainder when l is divided by j(-6).
5
Suppose 0 = -0*v + v + 3*k - 19, -5*v = -3*k - 23. Let m(f) = 4 + 0*f**2 - 3*f**2 - 5 - 2*f + 4*f**2. Calculate the remainder when m(v) is divided by 9.
7
Let y = 570 - 527. What is the remainder when 256 is divided by y?
41
Let v = -16 - 19. Let h = v - -125. Calculate the remainder when h is divided by 47.
43
Let j = 3215 - 3211. Calculate the remainder when 239 is divided by j.
3
Let b(v) = v**3 + 15*v**2 - 17*v + 1. Let r(n) = 2*n + 37. Calculate the remainder when b(-16) is divided by r(-14).
8
Calculate the remainder when (2/(-7)*-7)/(6/45) is divided by 10.
5
Let v = 279 - 261. Calculate the remainder when 1312 is divided by v.
16
Let u(c) = 11*c + 10. What is the remainder when u(2) is divided by 2?
0
Suppose -46 + 64 = 3*t. Let f = 6 - 4. Let g(d) = 2*d**3 - d**2 - 2*d + 1. What is the remainder when g(f) is divided by t?
3
Suppose 25 = -3*j + 4. Calculate the remainder when 19 is divided by j*(-2)/(-2 + 4).
5
Let a = -17 + 21. Suppose -4*q = -n + 18, 4*n + a*q = -10 + 42. What is the remainder when 58 is divided by n?
8
Let u be (-10)/(-2) - (17 + -3). What is the remainder when 63 is divided by (2 + 11)*(5 - (-5 - u))?
11
Let v(c) = c**2 + 33*c + 127. What is the remainder when 1043 is divided by v(-32)?
93
Let k(t) = t**2 - 10*t - 64. What is the remainder when k(-17) is divided by 22?
21
Suppose 15*j + j - 80 = 0. Calculate the remainder when ((-4)/10)/(3/(-90)) is divided by j.
2
Suppose -3*t + 3*g = -108, -t + 5*g = -6*t + 160. Let j = -6 + t. Calculate the remainder when 111 is divided by j.
27
Let j(i) = 13*i**2 - i - 1. Suppose -5 - 1 = -3*t. Suppose -3*h + 4 = -t*k + 2*h, -3*k - 6 = 2*h. What is the remainder when j(k) is divided by 14?
11
What is the remainder when 27 is divided by 4/12 - 34/(-6)?
3
Suppose 2*f = -5*j + 5*f + 272, 5*j = -4*f + 244. Calculate the remainder when 257 is divided by j.
49
Let j = 117 - 86. Let m = 62 - j. Calculate the remainder when 88 is divided by m.
26
Suppose -5*w = 2*d - 0 - 3, 3*w = d - 7. Suppose 0 = 2*g - d. Calculate the remainder when 12 is divided by g.
0
Suppose 23*p - 3472 = 185. Calculate the remainder when p is divided by 83.
76
Suppose 0 = -r + 56 + 9. Suppose 0*z - 5*z + 146 = 4*v, 0 = -3*v - 5*z + 107. Calculate the remainder when r is divided by -4 - (3/2)/(v/(-676)).
21
Let q = 13 - 10. Suppose -5*c = -3*a + 105, 0 = 5*a - 2*c - q*c - 175. Suppose -5 = -2*t + a. What is the remainder when 99 is divided by t?
19
Calculate the remainder when (-6)/33 - (-2926)/121 is divided by 15.
9
Let f(v) = 3*v + 6. Let i be f(-4). Suppose -4*c + 12 = 0, 4*c + 44 = 12*k - 8*k. What is the remainder when ((-78)/(-2))/(i/(-4)) is divided by k?
12
Let c be 2/(-7) - 8/(-28). Suppose r - 39 + 8 = c. Suppose 0 = -6*x + 11*x - 55. What is the remainder when r is divided by x?
9
Suppose -9*v + 3 + 105 = 0. What is the remainder when 67 is divided by v?
7
Suppose 4*v + 5*s - 864 = 0, -2*v + 541 = s + 109. Calculate the remainder when v is divided by 68.
12
Suppose -7*k = 4*k - 1111. Calculate the remainder when k is divided by (-12 + -1)*2*(-1)/2.
10
Let a(z) = z**3 + 12*z**2 - 16*z + 7. Calculate the remainder when a(-13) is divided by 12.
10
Suppose 112 = 4*o - 152. What is the remainder when o is divided by 27 + (-8)/12*6?
20
Suppose 0 = m + 2*z - 114 - 159, 2*m + 3*z = 550. Let b = 1563 - 1516. Calculate the remainder when m is divided by b.
46
Suppose 0 = 4*c - 7*c + 21. What is the remainder when 19 is divided by c?
5
Let j = 46 + 3. Let l(h) = -17*h - 66 + 23*h - 13*h. Calculate the remainder when j is divided by l(-13).
24
Let p(r) = -r**2 + 7*r - 1. Let y be 1/(-2) - 81/(-18). Let f(a) = a**2 + 8*a - 3. What is the remainder when f(-11) is divided by p(y)?
8
Let v = -118 + 173. What is the remainder when v is divided by (-1)/(-3) + 0 + 1624/87?
17
Let j(d) = -d**2 + 8. Let t be j(0). Suppose t*p - 10*p + 2 = 0. Calculate the remainder when (-46 + 2)/(-2) - p is divided by 11.
10
Suppose -8 = 6*h - 2*h. Let 